 c(w) = w**2 - 8. Let n(s) = -5*c(s) - m(s). What is n(1)?
-18
Let h(k) be the first derivative of -2*k**3 + 1/4*k**4 - 14 + 0*k + 3/2*k**2. Determine h(2).
-10
Let f be 258/(-21) - (-8)/28. Let z = 14 + f. Let b(r) = -5 + 2*r**2 - r**2 + 0*r**z - 5*r + 10*r. What is b(-6)?
1
Let a(m) be the first derivative of m**4/4 - m**3 - 11*m**2/2 - 6*m - 221. Calculate a(5).
-11
Let f(b) = -b**3 - 6*b**2 + 8*b + 3. Let j = -135 + 128. Calculate f(j).
-4
Let r(q) = 2 - 12 + 4*q - q + 0 + 2. Give r(6).
10
Let a(l) be the first derivative of -2*l**2 + 39*l - 89. Determine a(11).
-5
Let s = -45 + 66. Let n be (-119)/s + ((-8)/6 - -2). Let j(o) = o + 9. What is j(n)?
4
Suppose -2*x + 7 = -3*v, -5*v - 20 = -72*x + 67*x. Let i(p) be the third derivative of p**4/24 - 5*p**3/3 + p**2. What is i(x)?
-5
Let p(m) be the third derivative of 14*m**2 + 0 + 0*m + 1/2*m**3 - 1/24*m**4. Give p(4).
-1
Suppose -34 - 127 = -7*p. Let d(j) = -j - 6. Let y be d(-6). Suppose 5*l + p + 12 = y. Let o(k) = -k**2 - 5*k + 2. What is o(l)?
-12
Let n(r) be the third derivative of -r**5/60 + r**4/6 - r**3/6 + 5*r**2. Let l be n(3). Let j(o) = 7*o**2 + l*o - 3*o**2 + o**3 + 0*o. Determine j(-3).
3
Let g(k) be the second derivative of k**5/120 + k**4/8 - 16*k**3/3 - 19*k. Let i(l) be the second derivative of g(l). Calculate i(-2).
1
Let y(p) be the first derivative of -p**3/3 - 5*p**2/2 - 4*p - 83. Give y(-5).
-4
Let l(j) = -j**2 + 52 - 45 + 5*j + 4*j. What is l(6)?
25
Let h = -24 + 19. Let t(y) = 7*y**3 + 9*y**2 - 19*y + 6. Let l(i) = -10*i**3 - 14*i**2 + 28*i - 9. Let n(v) = h*l(v) - 7*t(v). What is n(-8)?
-5
Let z(b) = 17*b + 7 - 10*b + b**3 - 3*b - 6*b**2. Let s be z(5). Let c(k) = -3*k**3 + 2*k**2. Calculate c(s).
-16
Let c(w) = w**2 - 10*w - 8. Suppose 4*v = -5*j + 34, v = j + 19 - 6. What is c(v)?
3
Suppose 0 = -10*h - 0*h + 40. Let u(l) = -2*l**2 + 2*l**2 + 3*l + 4 - l**2. What is u(h)?
0
Let f(o) = -o**2 - 7*o + 4. Let d = 604 - 611. Determine f(d).
4
Let k(p) = -p**3 - 9*p**2 + 12*p + 24. Let s(i) = -i**3 - 10*i**2 + 11*i - 10. Let b be s(-11). Let j be k(b). Let h(r) = -3*r - 3*r + 6 + 4*r. Give h(j).
-2
Suppose -4*q = q - 25. Suppose -q*j - 10 = -2*l, 5*j + 0 = 3*l - 15. Let p(n) = -n + 5. Determine p(j).
5
Let w(k) be the first derivative of 6 - 1/6*k**3 - 3/10*k**5 + 0*k**2 + 5*k + 0*k**4. Let r(c) be the first derivative of w(c). Determine r(1).
-7
Suppose a = -1, -5*a + 14 = -2*c - 3*a. Suppose 3*k + 2*b + 23 = 0, 2*b = 2*k - 3*k - 1. Let o = c - k. Let d(u) = -u**3 + 2*u**2 + 3*u + 2. Calculate d(o).
2
Let w(h) be the third derivative of -h**4/12 - h**2. Let i = -114 + 117. Determine w(i).
-6
Let k(w) = -28*w + 14. Let i(v) = 13*v - 7. Let o(l) = -13*i(l) - 6*k(l). Determine o(4).
3
Let s(r) = -10*r - 2. Suppose 10*k = 11*k + 2. Give s(k).
18
Let l(s) = -2*s + 2*s**3 + 2986*s**2 - 3*s**3 - 2982*s**2 + 6. Determine l(4).
-2
Let k be 1/(-1*3/(-12)). Let b(p) = -3*p**2 + 4*p**2 - k + 0*p**2 + 5*p. Let v(g) = 6*g - 90. Let c be v(14). Give b(c).
2
Let b(z) = z**3 - 1 - z**3 - 4*z**2 + z**3. Let i = -201 - -205. Give b(i).
-1
Let c(h) = 67 - 3*h - 138 + 75 + 2*h**2. What is c(3)?
13
Let q(o) = -7*o**2 - o + 1. Let r(m) = -m - 7*m + 7*m. Let w be r(-5). Suppose w*t = -0 + 5. What is q(t)?
-7
Let f(y) = 8*y + y**3 + 478 - 484 + 2*y**2 - 6*y**2 - 5*y**2. Give f(8).
-6
Let q(u) = u**3 - u**2 + 3*u + 7. Let f(l) = 2*l**3 - 5*l**2 + 5*l + 14. Let d(n) = -2*f(n) + 5*q(n). Calculate d(-5).
-18
Let f(l) = -2*l**3 + 14*l**2 - l - 8. Let s(p) = p**3 - 7*p**2 + 4. Let x(w) = -3*f(w) - 7*s(w). Give x(7).
17
Suppose -g + 3*r - 8*r = 6, 0 = 2*g - 5*r - 33. Let n = 14 - g. Let u(y) be the third derivative of y**5/60 - 7*y**4/24 + y**3 - 13*y**2. Determine u(n).
-4
Let u(r) = -19*r + 17. Let g(q) = -9*q + 8. Let j be 3/(4*(-15)/(-260)). Let d(f) = j*g(f) - 6*u(f). Let l be -2*((3 - 2) + -2). What is d(l)?
-4
Let o(x) = -3*x**2 - 13 + 6 + 4 - 1 + 2*x. Calculate o(3).
-25
Let a(j) = 4*j + 1. Let v(s) = -s**3 - 7*s**2 - 6*s. Let t be v(-6). Suppose t = q + q. Suppose q*z - 1 = -z. What is a(z)?
5
Let q(m) = -3*m + 57. Suppose 0 = 3532*j - 3540*j + 168. Determine q(j).
-6
Let n = -439 + 437. Let j(o) = 6*o**2 + 2*o - 1. Calculate j(n).
19
Suppose 0 = 3*b + 3*f - 3, -2*b + f = 3*b - 5. Let d(u) = 2*u - 26*u**3 - b - 3*u + 25*u**3 + u**2 - u. What is d(-2)?
15
Let p be 49 + -45 - 3*1. Let v(h) = -7*h**3 + h**2 + 2*h - 2. Calculate v(p).
-6
Let h(t) = -t**2 - 1. Let v be 1 + 0 - (-3 - -1). Let g(p) = 10*p**2 - v + 0*p + 9*p - 2*p - 9*p**2. Let s be g(-7). Give h(s).
-10
Suppose -2*w - w = 0. Let p(o) = -o + 20. Let l be p(w). Suppose 0*q + l = -5*q. Let v(m) = -m + 4. What is v(q)?
8
Let s(i) be the third derivative of -7*i**6/360 - i**5/30 - i**4/8 - 5*i**3/3 - 8*i**2. Let h(a) be the first derivative of s(a). Determine h(-2).
-23
Suppose 0 = 5*d - 4*b - 24, -d + b = -1 - 4. Let l(a) = a**3 - 2*a**2 - 4*a - 7. What is l(d)?
9
Let d(u) = -u**2 + 2*u + 2. Suppose 6*h = 10 + 20. Suppose h*o + 105 = -5*s, -22 = 4*o + 2*s + 62. Let q = -23 - o. Calculate d(q).
-6
Let u = -3 - -12. Let r(b) = -5*b + 1. Let h(j) = -j. Let w(o) = u*h(o) - 2*r(o). Calculate w(3).
1
Let h(r) be the second derivative of 1/60*r**5 + 0*r**2 - 1/12*r**4 + 0 - r**3 - r. Let n(j) be the second derivative of h(j). What is n(3)?
4
Let j(z) be the third derivative of -z**5/60 + 11*z**3/3 + 56*z**2. Give j(0).
22
Let d be (1 - -1) + 4 + -11. Let s(b) be the first derivative of b**2/2 + 6*b + 366. What is s(d)?
1
Let b = -7 + 7. Let r = 6 + b. Let o be (r - 2 - -2) + -2. Let x(q) = q**3 - 2*q**2 - 7*q + 5. What is x(o)?
9
Suppose -d + 42 + 23 = 0. Let r be d/20 + (-1)/4. Let u(w) = -17*w**2 + 15*w - 24. Let n(z) = -7*z**2 + 7*z - 10. Let t(m) = -5*n(m) + 2*u(m). Calculate t(r).
-4
Suppose 0 = 2*k - 4*c - 26 - 4, c - 53 = -5*k. Let o(i) = i**2 - 10*i - 15. Determine o(k).
-4
Let a(m) = -22*m**2 + m + 26. Let c(w) = -8*w**2 + 9. Let p(t) = -6*a(t) + 17*c(t). Calculate p(-2).
-7
Let x(v) = 3*v - 2. Let b(y) = -y - 1. Let k(l) be the third derivative of -l**4/6 + 4*l**2. Let t(z) = 3*b(z) - k(z). Let a be t(8). What is x(a)?
13
Let q(l) = -128*l - l**2 + 1 + 258*l - 128*l. Give q(4).
-7
Let p(w) be the third derivative of -w**4/12 + w**3 - 60*w**2 + 2*w. Give p(4).
-2
Let t(n) = -n**3 - 6*n**2 - 6*n - 3. Let f(m) = -2*m. Let k be f(1). Calculate t(k).
-7
Let c be (2*(-1)/6)/((-12)/72). Let p(v) = 437 - v**c - 437 - 5*v. Let x be (-30)/9 - (-2)/(-3). Give p(x).
4
Let i(v) be the third derivative of -v**6/360 + v**5/15 + v**4/4 + v**3/6 - 52*v**2. Let x(b) be the second derivative of i(b). Calculate x(6).
-4
Let y(h) = -4*h - 9. Let v(r) = -2*r**2 + r + 2. Let i be v(2). Calculate y(i).
7
Let u(a) = -a**3 + 8*a**2 - 7*a - 6. Let x = -277 - -284. Give u(x).
-6
Let x(n) = 2*n + 8. Let r(y) = -y - 7. Let l(t) = -5*r(t) - 4*x(t). What is l(-12)?
39
Let l(r) = -26*r + 78. Let y be l(3). Let q(h) be the third derivative of -1/6*h**3 + 0 - 5/24*h**4 + 6*h**2 + y*h. What is q(1)?
-6
Let u(a) = 2*a - 6. Suppose 0 = -o + 3, 0*o - 4*o - 141 = 3*g. Let r = -56 - g. What is u(r)?
-16
Let m = -94 + 94. Let h(b) be the first derivative of -b**4/12 - 3*b**2/2 + b + 3. Let a(f) be the first derivative of h(f). Give a(m).
-3
Let h(k) be the first derivative of k**3/3 - 3*k**2 - 15*k + 344. What is h(7)?
-8
Let b be 1 - 2*4/(-8). Let p(z) be the first derivative of -z**2 + 2*z - 10. Give p(b).
-2
Let y(u) = 0*u**3 + 0*u**3 + u**3 - 1 + 0*u**3 - 10*u**2 - 4*u + 8*u**2. Let f be ((-16)/(-10))/(1/5). Let n be f/(3 + -1) + -1. Calculate y(n).
-4
Let w(h) = -4*h + 5. Let n be w(0). Let q(f) = -4*f - 21. Let c(k) = 3*k + 20. Let z(l) = n*c(l) + 4*q(l). What is z(7)?
9
Suppose -4*o = o + 25. Suppose -5*a - 5*n = -0*n - 45, 4*n = 2*a + 6. Let h(g) = -2 + 2*g - 3*g + a. Calculate h(o).
8
Let i(n) = -n**2 + 2*n + 48. Let d be i(-5). Let o = 5 - d. Let g(v) = v**3 + 8*v**2 - v + 11. Give g(o).
19
Let j(t) be the first derivative of -22 - 7/2*t**2 - 1/3*t**3 - 6*t. Determine j(-7).
-6
Let y(o) = -o**2 + 9*o + 13. Let p be y(10). Let s(r) = 5*r - 4*r + r**p + 13*r**2 + 5*r - 21*r**2. Calculate s(7).
-7
Let y(n) = -2*n**2 - 3. Let l(s) = s**2 + s + 3. Let k(o) = -3*l(o) - 2*y(o). Suppose 1 = f - 4. Suppose f*i = -w + 16, i - 4 = -2*i + 5*w. Determine k(i).
-3
Let z = -